 - 14).
1
Evaluate 292 - 388 - (-7 - (11 - -5)).
-73
(-14 - -34) + -31 + -4 + 11 + -7 + 18
7
What is the value of 0 + -32 + 6 + -4 - (1 - 3)?
-28
What is the value of (-79 - -80) + ((17 - 20) + -40 - (4 + 1))?
-47
What is the value of -49 + -1 + 17 + (16 - (-7 + -8 + 46))?
-48
Calculate -60 + -28 + (168 - 15).
65
What is the value of 38 - (-47 + 34 + 92)?
-41
What is the value of (-40 + 132 - 181) + 107?
18
Evaluate -32 + 85 + -4 + 28.
77
What is 7 + 34 + -11 + 5 - 9?
26
Evaluate (-4 - (6 - 7 - (-11 + 33))) + -9.
10
50 + 37 - (-5 + (-13 - -5) + -1)
101
What is the value of -55 + -11 + 1 + 11 + 29 + -14?
-39
(37 + -70 - 13) + 45
-1
Evaluate 2 - (-2 + -1 - (10 - (36 - 50))).
29
Calculate -4 + -5 - (11 + -1 - 78).
59
Evaluate ((33 - 31) + -12 - 2) + 93.
81
What is the value of -43 + (94 - 49) + 5?
7
What is the value of 0 - (((2 - 7) + 0 - (-6 + 56)) + 0)?
55
What is the value of -10 + ((7 - (-9 + 23)) + 2 - -1 - -93)?
79
-1 + -9 + (56 - -2 - (-30 + 46))
32
Calculate 1 + 22 - (809 - 786).
0
What is (66 - (17 + 3 + -8)) + -16?
38
What is -95 - ((82 - 37) + -43)?
-97
Evaluate 23 + -157 - (189 - 269).
-54
What is (-99 - 2) + 63 + -16?
-54
Evaluate (1207 - 1104) + 0 + -189.
-86
(-8 - -40 - (-10 + 50)) + -4
-12
What is the value of (106 - 97) + (3 - 3 - 65) - (0 + -5)?
-51
1 - 16 - (-42 - (41 + (-34 - -8)))
42
Evaluate (17 - (65 - -30)) + 33.
-45
-7 + (4 - -1) + (-87 - -88) + -46
-47
What is the value of (0 + 6 - -4) + -44 + 24 - (4 - 63)?
49
What is -10 + -58 - (6 + (2 - 13))?
-63
(-9 - (-12 - (-27 - -11))) + (-1 - 6)
-20
13 + (85 - 67) - 40
-9
What is the value of (-7 - 0) + (-4 + 0 - (82 + -43 - 39))?
-11
What is the value of -20 + -14 + (36 - (32 - 15)) - -141?
126
Evaluate (0 - 50) + 55 + 24 + -75.
-46
-27 + (23 + 20 - 34) - (-1 - 3)
-14
What is (-16 - -15) + 7 + -33?
-27
-1 + 13 - (161 + 18 + (-18 - 7) + 9)
-151
Calculate -53 + 13 + 22 + 104 + -37.
49
What is the value of (-1 + 2 - (26 - (45 + -8)) - 9) + -17?
-14
What is 5 - (-34 - (-61 - -40) - (-113 + 3))?
-92
What is 53 + ((-7 - -18) + -5 - 18)?
41
What is the value of 4395 + -4294 - (252 + 0)?
-151
What is the value of -17 + -5 + -5 + (72 - 78)?
-33
What is -4 + 0 + 9 + -15 + 6 + -3 + -18?
-25
What is the value of (-6 - -99) + 185 + -183 - 22?
73
Evaluate 4 - (-2 - 52) - (30 - 92 - -61).
59
Evaluate -70 + (-3 - -3) + (-11 - (21 - 23)).
-79
Calculate 14 + -4 + -17 + 32.
25
Calculate -9 + 25 + (21 - 27) - -2 - 29.
-17
Evaluate (-112 - (0 + -17)) + -8 - (-1 + 4 + 12).
-118
(4 - (39 - -10)) + 13
-32
9 + (-15 + (9 - -19) - ((10 - 2) + 45))
-31
Calculate 41 + 7 + -158 + 82.
-28
What is the value of (-2 - (-2 + 0 + 4)) + (81 + -4 - 76)?
-3
Evaluate (-64 - -2) + (12 - (27 + -3 + 22 + -36)).
-60
7 + 12 + 2 - (7 + 7)
7
What is the value of ((-11 - -7) + 1 - -39) + 9 - 10?
35
What is 1240 + -1211 - (13 - 1)?
17
Calculate -7 + (-28 - (-47 + 120)).
-108
What is the value of (14 - (-53 - -50)) + -13 + (2 - 4)?
2
Evaluate (-46 - (43 - 66)) + -34.
-57
What is -47 + 47 - ((-76 - -71) + 38 + -1)?
-32
Evaluate (53 + -29 - 65) + 32.
-9
What is the value of (-89 + 13 - -13) + 11 - (-1 + -2)?
-49
Evaluate 19 + -4 + (75 - 42).
48
What is the value of 87 - ((-37 - -48) + (1 - 1) + -16 + 15)?
77
What is -12 + 0 + -15 - (-168 + 180)?
-39
-18 + 6 + (1 - (2 - 3 - 2)) - 80
-88
Evaluate -43 + (-22 + 3 - (-548 + 534)).
-48
What is 1 + 15 - (-2075 + 2109 + (-4 - (1 + 1)))?
-12
Evaluate -3 + -49 - (849 + -915).
14
Evaluate -31 - (40 + 17) - -73.
-15
What is the value of (4 + -4 - (-4 - 0)) + 42 + -4 + -9?
33
Calculate 15 + -16 - (2 + (3 - (-5 + 7))) - -2.
-2
Calculate 9 + (5 - ((17 - -30) + -1)).
-32
What is 0 + (38 - (8 + (2 - 9) - -10))?
27
What is the value of -2 + (-20 - -14) + 1 + (-23 - (3 - 2))?
-31
What is 17 + -53 + (-3 - 11 - 31)?
-81
What is the value of 42 + -2 + 2 + 0 + -225 + 231?
48
0 + 41 - (-2700 + 2722)
19
What is the value of -63 - -50 - (-3 + 9)?
-19
Calculate -20 - (0 + (-19 - (-51 - -18))).
-34
What is (-14 - (13 - (10 - 0))) + 16?
-1
Evaluate 65 + -63 - (-40 + 24).
18
What is the value of (-13 - (0 - -87)) + 11?
-89
(11 - 16) + (-77 - (12 + (-24 - -7)))
-77
Calculate -1 - (2 - -29) - (5657 + -5666).
-23
Evaluate -26 + (61 + -21 - 1) + 71.
84
What is the value of 36 + -15 - -77 - (43 + -65)?
120
Calculate (60 - 0) + -1 - (-17 - -2 - (-1206 + 1181)).
49
Evaluate 19 - (42 - (-13 + -15 + 27)).
-24
Evaluate -193 - -219 - (136 + -42).
-68
(23 - 41) + -2 + 8 - (23 + -34)
-1
What is the value of (12 + 10 - 51) + 3 + -8?
-34
Calculate 30 + (19 - (-11 - ((0 - -11) + -33))) + 0.
38
Calculate (4 + 34 - 17) + (-46 - -2) - -65.
42
What is -1 - -54 - (8390 + -8288)?
-49
What is 30 + -26 - (4 + (-23 - 1 - 5))?
29
What is the value of 111 - 38 - 34 - 76?
-37
What is the value of (-130 - -220) + -99 + 92?
83
Evaluate -50 - (12 + (3 - 15 - -2 - -7) + -14).
-45
What is the value of -9 - (33 - 143 - -28) - 41?
32
-36 - -19 - (-20 - 0)
3
Calculate -60 - (6 + -13 + -12 + (7 - -6) + 3).
-57
-94 - ((-101 - -167) + -256)
96
Evaluate (58 - 104 - (-17 - 26)) + -1 + (1 - 35).
-38
-50 - 6 - -159 - 57
46
What is 993 + -918 - (-1 + 68)?
8
What is 61 - 1 - ((52 - -98) + -118)?
28
(0 + (7 - 1) + 0 - (-525 + 526)) + 45
50
What is the value of -73 - -6 - (556 + -709)?
86
What is (0 - 8) + 139 + (-29 - 52) + -12 + 1?
39
Calculate -116 - (5 - (55 + -25)).
-91
What is the value of 24 + 156 + (54 - 155)?
79
34 + (-106 + (35 - 36) - -24)
-49
What is 4 - 84 - -16 - (8 + (-10 - -8) + -7)?
-63
What is the value of 15 + 6 + (-112 - (-24 - 15))?
-52
Evaluate 10 + -18 + -68 + 21.
-55
Calculate 21 + -4 - (8 + -6).
15
What is the value of -41 - (-14 - (-35 + 36 + -14))?
-40
Evaluate -22 - (-32 - -55) - 20.
-65
-88 - (78 + -152 + 122)
-136
Evaluate 36 + (-39 - -7) + -2 + 41.
43
What is the value of (0 - 0) + -12 + (16 - 14) - (-229 - -225)?
-6
(51 - (6 + 11)) + (10 - 6) + -5
33
Calculate 106 - (1 - -4 - (-3 + -12)).
86
Calculate (-511 - -503) + (48 - (0 + -4)) + 23.
67
24 + (-25 - (-11 + 4)) - (-4 - (-4 + 4))
10
What is -1667 - -1671 - (0 + 21) - -66?
49
What is the value of 47 - (3 + -28 + 39 + -12)?
45
Calculate (89 - 15) + 10 + (11 - 20) + -1 + -7.
67
Calculate (-11 - (10 + -28 - -29)) + (-7 - (3 + 0)).
-32
-10 + -1 + 2 + (-46 - (10 - 27))
-38
-105 + 158 + (-77 - 10)
-34
What is (19 + -24 - (-4 + (-9 - -1))) + 40?
47
What is 12 - (-3 + 51 - (8 - 10))?
-38
What is -37 + 141 + -109 - -11?
6
Evaluate 11 - (-17 - (-18 + 24 + -35)).
-1
What is (-55 - ((18 - 16) + -13)) + -17 + 3?
-58
Evaluate -135 + 70 + -39 + 6.
-98
-44 + 2 + 123 + -15
66
Calculate (-109 - (-51 - 56)) + (-3 - (-2 + -5)).
2
Evaluate 15 - (9 - (10 + -10)) - -7.
13
Evaluate -17 - (-43 - 36 - -4).
58
What is the value of 3 + (-11 - -1 - -6) - (68 + -56 + -3)?
-10
What is -9 + 3 + 36 + -15 + -41 + 26 + 5?
5
What is -49 - (-2 + 2 + -2 + -4 + (23 - 11))?
-55
What is the value of 58 - ((-22 - -22) + ((-1 - 1) + 5 - 3))?
58
What is (30 + -17 - 20 - (1 - -49)) + (0 - -5)?
-52
-165 + 320 + -156 - (0 + -71 + 0)
70
What is 70 + -53 + 73 - (44 - -1)?
45
Calculate 58 + 72 + 10 + -163.
-23
Calculate -1 + 11 + (-12 - 6 - -10 - (-72 - -39)).
35
What is the value of 2 + -35 + (35 + -21 + 7 - 11)?
-23
(0 + 38 - (751 + -730)) + -23
-6
-22 + (86 - (4 - (18 + -16)))
62
Calculate (-38 - (33 - 107 - 34)) + -8 + (1 - 1).
62
80 - 79 - (-3 - ((5 - (-6 + 5)) + 5))
15
Evaluate 22 + -53 + 16 + (-43 - (2 - 5)).
-55
What is -154 + 111 - (-6 + -2 + -1 - 2)?
-32
What is the value of -16 + ((4 - 3) + -7 - (-56 + 55))?
-21
Evaluate (-22 - (-18 - (-22 + 41))) + (24 - 4).
35
What is the value of (2 - (8 - -5)) + 18 + (-25 - -16 - -49)?
47
Evaluate 66 - 28 - (4 + -4) - 12 - (2 - 3).
27
Evaluate (9 - (22 + 8 + -13)) + (12 - 15 - -45).
34
Evaluate 12 - (2 - 2 - -1 - ((59 - -15) + -1)).
84
(-106 - 6) + -4 - ((109 - 61) + -42)
-122
Calculate (13 - (-3 - -4) - ((9 - 12) + 9)) + 15.
21
54 - (51 - (42 + -28) - 15)
32
What is the value of 77 + 8 + 84 + -62 + 8?
115
What is 62 + -50 - (-3 + -5) - 30?
-10
What is the value of (34 - 72) + 7 + (-1 - -4) + -6 + 4?
-30
What is the value of (-109 - -127) + (-27 - -2) - 79?
-86
What is the value of -18 + 102 - (25 + 29)?
30
What is the value of (45 + -34 - 124) + 76?
-37
What is the value of 61 - (4 - (11 - -9 - -1))?
78
Evaluate 31 - ((2 - -3 - (-1 - (-4 - 0))) + -4).
33
Evaluate (-